{"id":10,"date":"2014-01-24T18:21:52","date_gmt":"2014-01-24T18:21:52","guid":{"rendered":"http:\/\/wp11703009.server-he.de\/?page_id=10"},"modified":"2026-03-30T13:31:21","modified_gmt":"2026-03-30T12:31:21","slug":"vorstand","status":"publish","type":"page","link":"https:\/\/www.nordharzev.de\/?page_id=10","title":{"rendered":"Vorstand"},"content":{"rendered":"\n<div class=\"wp-container-4 wp-block-group\"><div class=\"wp-block-group__inner-container\">\n<div class=\"wp-container-3 wp-block-group\"><div class=\"wp-block-group__inner-container\">\n<div class=\"wp-container-2 wp-block-columns\">\n<div class=\"wp-container-1 wp-block-column\" style=\"flex-basis:100%\">\n<figure class=\"wp-block-table\"><table><tbody><tr><td><strong><span style=\"text-decoration: underline;\">Vorsitzende<\/span> <\/strong><\/td><td>Doroth\u00e9e Wolf-Dolata<br>\nSylvestristra\u00dfe 4<br>\n38855 Wernigerode\n<\/td><\/tr><tr><td><strong><span style=\"text-decoration: underline;\">Stellvertreterin<\/span> <\/strong><\/td><td>Katja Osterloh<br> Feuersteinstra\u00dfe 8a<br> 38875 Elend<\/td><\/tr><tr><td><span style=\"text-decoration: underline;\"><strong>Kassenwartin<\/strong> <\/span><\/td><td>Sylvia Lehnert<br>\nTeichstra\u00dfe 8<br>\n38899 Hasselfelde<\/td><\/tr><tr><td><span style=\"text-decoration: underline;\"><strong>Schriftf\u00fchrer<\/strong> <\/span><\/td><td>Armin Hoch<br>\nLangenberg 1a<br>\nOT Hayn<br>\n06536 S\u00fcdharz<br>\nTel.: 034658\/ 21271<\/td><\/tr><tr><td><strong><span style=\"text-decoration: underline;\">beratende Mitglieder<\/span> <\/strong><\/td><td>Dr. Hans-Ulrich Kison <br> (wissenschaftl. &amp; organisator. Beratung)<br> Tel.: 03946\/ 705568<\/td><\/tr><tr><td><\/td><td>Norbert Ru\u00dfwurm <br> (Beratung zu Landschaftspflege &amp; Eins\u00e4tzen) <\/td><\/tr><tr><td><\/td><td>Dr. Veronika Kartheuser <br> (wissenschaftl. &amp; organisator. Beratung) <\/td><\/tr><\/tbody><\/table><\/figure>\n<\/div>\n<\/div>\n<\/div><\/div>\n<\/div><\/div>\n","protected":false},"excerpt":{"rendered":"<p>Vorsitzende Doroth\u00e9e Wolf-Dolata Sylvestristra\u00dfe 4 38855 Wernigerode Stellvertreterin Katja Osterloh Feuersteinstra\u00dfe 8a 38875 Elend Kassenwartin Sylvia Lehnert Teichstra\u00dfe 8 38899 Hasselfelde Schriftf\u00fchrer Armin Hoch Langenberg 1a OT Hayn 06536 S\u00fcdharz Tel.: 034658\/ 21271 beratende Mitglieder Dr. Hans-Ulrich Kison (wissenschaftl. &amp; &hellip; <a href=\"https:\/\/www.nordharzev.de\/?page_id=10\">Weiterlesen <span class=\"meta-nav\">&rarr;<\/span><\/a><\/p>\n","protected":false},"author":1,"featured_media":0,"parent":20,"menu_order":0,"comment_status":"closed","ping_status":"closed","template":"","meta":[],"_links":{"self":[{"href":"https:\/\/www.nordharzev.de\/index.php?rest_route=\/wp\/v2\/pages\/10"}],"collection":[{"href":"https:\/\/www.nordharzev.de\/index.php?rest_route=\/wp\/v2\/pages"}],"about":[{"href":"https:\/\/www.nordharzev.de\/index.php?rest_route=\/wp\/v2\/types\/page"}],"author":[{"embeddable":true,"href":"https:\/\/www.nordharzev.de\/index.php?rest_route=\/wp\/v2\/users\/1"}],"replies":[{"embeddable":true,"href":"https:\/\/www.nordharzev.de\/index.php?rest_route=%2Fwp%2Fv2%2Fcomments&post=10"}],"version-history":[{"count":21,"href":"https:\/\/www.nordharzev.de\/index.php?rest_route=\/wp\/v2\/pages\/10\/revisions"}],"predecessor-version":[{"id":1883,"href":"https:\/\/www.nordharzev.de\/index.php?rest_route=\/wp\/v2\/pages\/10\/revisions\/1883"}],"up":[{"embeddable":true,"href":"https:\/\/www.nordharzev.de\/index.php?rest_route=\/wp\/v2\/pages\/20"}],"wp:attachment":[{"href":"https:\/\/www.nordharzev.de\/index.php?rest_route=%2Fwp%2Fv2%2Fmedia&parent=10"}],"curies":[{"name":"wp","href":"https:\/\/api.w.org\/{rel}","templated":true}]}}