{"id":1501,"date":"2024-06-09T16:37:48","date_gmt":"2024-06-09T15:37:48","guid":{"rendered":"https:\/\/www.nordharzev.de\/?page_id=1501"},"modified":"2024-06-09T17:36:01","modified_gmt":"2024-06-09T16:36:01","slug":"exkursion-im-oestlichen-huy-paulskopf-vom-18-05-2024","status":"publish","type":"page","link":"https:\/\/www.nordharzev.de\/?page_id=1501","title":{"rendered":"Exkursion im \u00f6stlichen Huy (Paulskopf) vom 18.05.2024"},"content":{"rendered":"\n<p>Bei einer gemeinsamen Exkursion mit dem Botanischen Arbeitskreis Nordharz e.V. f\u00fchrten uns Lars Huth und Lukas Schr\u00f6der durch den \u00f6stlichen Teil des H\u00f6henzuges Huy n\u00f6rdlich von Halberstadt. Die abwechslungsreiche Rundwanderung bot Eindr\u00fccke der artenreichen Laubw\u00e4lder des Gebietes mit ihren inselartig eingelagerten, bl\u00fctenreichen Kalkmagerrasen.<\/p>\n\n\n\n<div class=\"wp-container-3 wp-block-columns\">\n<div class=\"wp-container-1 wp-block-column\">\n<figure class=\"wp-block-image size-large\"><a href=\"http:\/\/www.nordharzev.de\/wp-content\/uploads\/2024\/06\/DSC08288-scaled.jpg\"><img loading=\"lazy\" width=\"683\" height=\"1024\" src=\"http:\/\/www.nordharzev.de\/wp-content\/uploads\/2024\/06\/DSC08288-683x1024.jpg\" alt=\"\" class=\"wp-image-1511\" srcset=\"https:\/\/www.nordharzev.de\/wp-content\/uploads\/2024\/06\/DSC08288-683x1024.jpg 683w, https:\/\/www.nordharzev.de\/wp-content\/uploads\/2024\/06\/DSC08288-200x300.jpg 200w, https:\/\/www.nordharzev.de\/wp-content\/uploads\/2024\/06\/DSC08288-768x1152.jpg 768w, https:\/\/www.nordharzev.de\/wp-content\/uploads\/2024\/06\/DSC08288-1024x1536.jpg 1024w, https:\/\/www.nordharzev.de\/wp-content\/uploads\/2024\/06\/DSC08288-1365x2048.jpg 1365w, https:\/\/www.nordharzev.de\/wp-content\/uploads\/2024\/06\/DSC08288-scaled.jpg 1707w\" sizes=\"(max-width: 683px) 100vw, 683px\" \/><\/a><\/figure>\n<\/div>\n\n\n\n<div class=\"wp-container-2 wp-block-column\">\n<figure class=\"wp-block-image size-large\"><a href=\"http:\/\/www.nordharzev.de\/wp-content\/uploads\/2024\/06\/DSC08561-scaled.jpg\"><img loading=\"lazy\" width=\"683\" height=\"1024\" src=\"http:\/\/www.nordharzev.de\/wp-content\/uploads\/2024\/06\/DSC08561-683x1024.jpg\" alt=\"\" class=\"wp-image-1512\" srcset=\"https:\/\/www.nordharzev.de\/wp-content\/uploads\/2024\/06\/DSC08561-683x1024.jpg 683w, https:\/\/www.nordharzev.de\/wp-content\/uploads\/2024\/06\/DSC08561-200x300.jpg 200w, https:\/\/www.nordharzev.de\/wp-content\/uploads\/2024\/06\/DSC08561-768x1152.jpg 768w, https:\/\/www.nordharzev.de\/wp-content\/uploads\/2024\/06\/DSC08561-1024x1536.jpg 1024w, https:\/\/www.nordharzev.de\/wp-content\/uploads\/2024\/06\/DSC08561-1365x2048.jpg 1365w, https:\/\/www.nordharzev.de\/wp-content\/uploads\/2024\/06\/DSC08561-scaled.jpg 1707w\" sizes=\"(max-width: 683px) 100vw, 683px\" \/><\/a><\/figure>\n<\/div>\n<\/div>\n\n\n\n<p>Die knapp 50 Personen umfassende Exkursionsgruppe traf sich um 10 Uhr am Wanderparkplatz im Osthuy nahe der Huysburg. Nach einleitenden Worten zum Gebiet ging es zun\u00e4chst ein kurzes St\u00fcck auf dem Hauptweg Richtung Paulskopfwarte nach Osten. Hier wurden neben h\u00e4ufigen Arten wie dem Wald-Knaulgras (<em>Dactylis polygama<\/em>) und der Wald-Zwenke (<em>Brachypodium sylvaticum<\/em>) auch bereits die ersten selteneren und w\u00e4rmeliebenden Arten wie das Bunte Perlgras (<em>Melica picta<\/em>), die Filz-Segge (<em>Carex tomentosa<\/em>) und die Schwarze Platterbse (<em>Lathyrus niger<\/em>) vorgestellt. Auch schwierige Taxa wie die verschiedenen Veilchen-Hybride (z. B. <em>Viola x scabra<\/em>) wurden diskutiert.<\/p>\n\n\n\n<div class=\"wp-container-6 wp-block-columns\">\n<div class=\"wp-container-4 wp-block-column\">\n<figure class=\"wp-block-image size-large\"><a href=\"http:\/\/www.nordharzev.de\/wp-content\/uploads\/2024\/06\/DSC08281-scaled.jpg\"><img loading=\"lazy\" width=\"683\" height=\"1024\" src=\"http:\/\/www.nordharzev.de\/wp-content\/uploads\/2024\/06\/DSC08281-683x1024.jpg\" alt=\"\" class=\"wp-image-1502\" srcset=\"https:\/\/www.nordharzev.de\/wp-content\/uploads\/2024\/06\/DSC08281-683x1024.jpg 683w, https:\/\/www.nordharzev.de\/wp-content\/uploads\/2024\/06\/DSC08281-200x300.jpg 200w, https:\/\/www.nordharzev.de\/wp-content\/uploads\/2024\/06\/DSC08281-768x1152.jpg 768w, https:\/\/www.nordharzev.de\/wp-content\/uploads\/2024\/06\/DSC08281-1024x1536.jpg 1024w, https:\/\/www.nordharzev.de\/wp-content\/uploads\/2024\/06\/DSC08281-1365x2048.jpg 1365w, https:\/\/www.nordharzev.de\/wp-content\/uploads\/2024\/06\/DSC08281-scaled.jpg 1707w\" sizes=\"(max-width: 683px) 100vw, 683px\" \/><\/a><figcaption><em>Carex tomentosa<\/em> &#8211; Filz-Segge<\/figcaption><\/figure>\n<\/div>\n\n\n\n<div class=\"wp-container-5 wp-block-column\">\n<figure class=\"wp-block-image size-large\"><a href=\"http:\/\/www.nordharzev.de\/wp-content\/uploads\/2024\/06\/DSC08338-scaled.jpg\"><img loading=\"lazy\" width=\"683\" height=\"1024\" src=\"http:\/\/www.nordharzev.de\/wp-content\/uploads\/2024\/06\/DSC08338-683x1024.jpg\" alt=\"\" class=\"wp-image-1504\" srcset=\"https:\/\/www.nordharzev.de\/wp-content\/uploads\/2024\/06\/DSC08338-683x1024.jpg 683w, https:\/\/www.nordharzev.de\/wp-content\/uploads\/2024\/06\/DSC08338-200x300.jpg 200w, https:\/\/www.nordharzev.de\/wp-content\/uploads\/2024\/06\/DSC08338-768x1152.jpg 768w, https:\/\/www.nordharzev.de\/wp-content\/uploads\/2024\/06\/DSC08338-1024x1536.jpg 1024w, https:\/\/www.nordharzev.de\/wp-content\/uploads\/2024\/06\/DSC08338-1365x2048.jpg 1365w, https:\/\/www.nordharzev.de\/wp-content\/uploads\/2024\/06\/DSC08338-scaled.jpg 1707w\" sizes=\"(max-width: 683px) 100vw, 683px\" \/><\/a><figcaption><em>Cephalanthera damasonium<\/em> &#8211; Bleiche Waldv\u00f6glein<\/figcaption><\/figure>\n<\/div>\n<\/div>\n\n\n\n<p>Nach nur kurzer Wanderung verlie\u00dfen wir den Hauptweg und bogen auf einen kleineren Waldweg Richtung S\u00fcden ab. Das anf\u00e4nglich noch ebene Gel\u00e4nde wechselte schon recht bald in eine s\u00fcdliche Exposition. Die zunehmende W\u00e4rmet\u00f6nung machte sich auch im Wald um uns herum bemerkbar: Am Wegesrand begleiteten uns zunehmend thermophile Arten wie die Gew\u00f6hnliche Strau\u00dfmargarite (<em>Tanacetum corymbosum<\/em>), das Breitbl\u00e4ttrige Laserkraut (<em>Laserpitium latifolium<\/em>) und das Wei\u00dfe Fingerkraut (<em>Potentilla alba<\/em>). Hier entdeckten wir auch das Bleiche Waldv\u00f6glein (<em>Cephalanthera damasonium<\/em>). Der uns umgebende Wald lie\u00df sich einer f\u00fcr den Osthuy charakteristischen trockenen Auspr\u00e4gung des Waldlabkraut-Traubeneichen-Hainbuchenwaldes zuordnen. Denn die \u00f6stlichen Ausl\u00e4ufer des Huy sind \u2013 im Gegensatz zum Mittel- und Westhuy \u2013 klimatisch eher subkontinental gepr\u00e4gt. Die Buche verliert hier leicht an Kraft, sodass, zus\u00e4tzlich durch forstliche F\u00f6rderung, die s\u00fcdexponierten Trockenw\u00e4lder durch Traubeneichen dominiert werden.<\/p>\n\n\n\n<figure class=\"wp-block-image size-large\"><a href=\"http:\/\/www.nordharzev.de\/wp-content\/uploads\/2024\/06\/DSC08307-scaled.jpg\"><img loading=\"lazy\" width=\"1024\" height=\"683\" src=\"http:\/\/www.nordharzev.de\/wp-content\/uploads\/2024\/06\/DSC08307-1024x683.jpg\" alt=\"\" class=\"wp-image-1503\" srcset=\"https:\/\/www.nordharzev.de\/wp-content\/uploads\/2024\/06\/DSC08307-1024x683.jpg 1024w, https:\/\/www.nordharzev.de\/wp-content\/uploads\/2024\/06\/DSC08307-300x200.jpg 300w, https:\/\/www.nordharzev.de\/wp-content\/uploads\/2024\/06\/DSC08307-768x512.jpg 768w, https:\/\/www.nordharzev.de\/wp-content\/uploads\/2024\/06\/DSC08307-1536x1024.jpg 1536w, https:\/\/www.nordharzev.de\/wp-content\/uploads\/2024\/06\/DSC08307-2048x1365.jpg 2048w\" sizes=\"(max-width: 1024px) 100vw, 1024px\" \/><\/a><figcaption>Nach dem kurzen Wegst\u00fcck Richtung S\u00fcden ging es nun wieder nach Osten weiter. Wir verlie\u00dfen erstmalig den lichten Wald und fanden uns auf einem ersten Halbtrockenrasen wieder. Auch entlang des weiteren Weges folgten inselartig vom Wald umschlossene Kalkmagerrasen, sodass sich im weiteren Verlauf der Wanderung Wald und Offenland stetig abwechselten. Die Magerrasen werden durch Schafbeweidung offengehalten und befinden sich \u00fcberwiegend in einem guten Zustand. F\u00fcr die Exkursionsgruppe gab es hier viel zu entdecken: In den Randbereichen wuchsen viele typische Arten der thermophilen S\u00e4ume wie der Blut-Storchschnabel (<em>Geranium sanguineum<\/em>), die Hirschwurz (<em>Cervaria rivini<\/em>) und der F\u00e4rber-Meier (<em>Asperula tinctoria<\/em>). Auch Trockenrasenarten wie die Erd-Segge (<em>Carex humilis<\/em>) und die \u00c4stige Graslilie (<em>Anthericum ramosum<\/em>) waren zu finden. Weitere Besonderheiten stellten der vereinzelt am Wegrand auftretende Kamm-Wachtelweizen (<em>Melampyrum cristatum<\/em>) und der an sonnenexponierten, vegetationsarmen Stellen wachsende Gelbe G\u00fcnsel (<em>Ajuga chamaepitys<\/em>) dar.<\/figcaption><\/figure>\n\n\n\n<div class=\"wp-container-9 wp-block-columns\">\n<div class=\"wp-container-7 wp-block-column\">\n<figure class=\"wp-block-image size-large\"><a href=\"http:\/\/www.nordharzev.de\/wp-content\/uploads\/2024\/06\/DSC08396-scaled.jpg\"><img loading=\"lazy\" width=\"683\" height=\"1024\" src=\"http:\/\/www.nordharzev.de\/wp-content\/uploads\/2024\/06\/DSC08396-683x1024.jpg\" alt=\"\" class=\"wp-image-1506\" srcset=\"https:\/\/www.nordharzev.de\/wp-content\/uploads\/2024\/06\/DSC08396-683x1024.jpg 683w, https:\/\/www.nordharzev.de\/wp-content\/uploads\/2024\/06\/DSC08396-200x300.jpg 200w, https:\/\/www.nordharzev.de\/wp-content\/uploads\/2024\/06\/DSC08396-768x1152.jpg 768w, https:\/\/www.nordharzev.de\/wp-content\/uploads\/2024\/06\/DSC08396-1024x1536.jpg 1024w, https:\/\/www.nordharzev.de\/wp-content\/uploads\/2024\/06\/DSC08396-1365x2048.jpg 1365w, https:\/\/www.nordharzev.de\/wp-content\/uploads\/2024\/06\/DSC08396-scaled.jpg 1707w\" sizes=\"(max-width: 683px) 100vw, 683px\" \/><\/a><figcaption><em>Ajuga chamaepitys<\/em> &#8211; Gelbe G\u00fcnsel<\/figcaption><\/figure>\n<\/div>\n\n\n\n<div class=\"wp-container-8 wp-block-column\">\n<figure class=\"wp-block-image size-large\"><a href=\"http:\/\/www.nordharzev.de\/wp-content\/uploads\/2024\/06\/DSC08448-scaled.jpg\"><img loading=\"lazy\" width=\"683\" height=\"1024\" src=\"http:\/\/www.nordharzev.de\/wp-content\/uploads\/2024\/06\/DSC08448-683x1024.jpg\" alt=\"\" class=\"wp-image-1507\" srcset=\"https:\/\/www.nordharzev.de\/wp-content\/uploads\/2024\/06\/DSC08448-683x1024.jpg 683w, https:\/\/www.nordharzev.de\/wp-content\/uploads\/2024\/06\/DSC08448-200x300.jpg 200w, https:\/\/www.nordharzev.de\/wp-content\/uploads\/2024\/06\/DSC08448-768x1152.jpg 768w, https:\/\/www.nordharzev.de\/wp-content\/uploads\/2024\/06\/DSC08448-1024x1536.jpg 1024w, https:\/\/www.nordharzev.de\/wp-content\/uploads\/2024\/06\/DSC08448-1365x2048.jpg 1365w, https:\/\/www.nordharzev.de\/wp-content\/uploads\/2024\/06\/DSC08448-scaled.jpg 1707w\" sizes=\"(max-width: 683px) 100vw, 683px\" \/><\/a><figcaption><em>Dictamnus albus<\/em> &#8211; Diptam<\/figcaption><\/figure>\n<\/div>\n<\/div>\n\n\n\n<figure class=\"wp-block-image size-large\"><a href=\"http:\/\/www.nordharzev.de\/wp-content\/uploads\/2024\/06\/DSC08349-1-scaled.jpg\"><img loading=\"lazy\" width=\"1024\" height=\"683\" src=\"http:\/\/www.nordharzev.de\/wp-content\/uploads\/2024\/06\/DSC08349-1-1024x683.jpg\" alt=\"\" class=\"wp-image-1528\" srcset=\"https:\/\/www.nordharzev.de\/wp-content\/uploads\/2024\/06\/DSC08349-1-1024x683.jpg 1024w, https:\/\/www.nordharzev.de\/wp-content\/uploads\/2024\/06\/DSC08349-1-300x200.jpg 300w, https:\/\/www.nordharzev.de\/wp-content\/uploads\/2024\/06\/DSC08349-1-768x512.jpg 768w, https:\/\/www.nordharzev.de\/wp-content\/uploads\/2024\/06\/DSC08349-1-1536x1024.jpg 1536w, https:\/\/www.nordharzev.de\/wp-content\/uploads\/2024\/06\/DSC08349-1-2048x1365.jpg 2048w\" sizes=\"(max-width: 1024px) 100vw, 1024px\" \/><\/a><\/figure>\n\n\n\n<p>Nach einer gemeinsamen Mittagspause konnte im Randbereich eines weiteren Halbtrockenrasens als Highlight die deutschlandweit nur in Sachsen-Anhalt relikthaft vorkommende Nacktst\u00e4ngel-Schwertlilie (<em>Iris aphylla<\/em>) bestaunt werden. Hier wuchsen auch weitere thermophile Saumarten wie der Rauhaarige Alant (<em>Inula hirta<\/em>) und der beeindruckende Diptam (<em>Dictamnus albus<\/em>). Schlie\u00dflich konnten wir auf einem letzten Trockenrasen nebst D\u00e4nischem Tragant (<em>Astragalus danicus<\/em>) einen Bestand der sehr seltenen Pfeilbl\u00e4ttrigen G\u00e4nsekresse (<em>Arabis sagittata<\/em>) entdecken.<\/p>\n\n\n\n<div class=\"wp-container-12 wp-block-columns\">\n<div class=\"wp-container-10 wp-block-column\">\n<figure class=\"wp-block-image size-large\"><a href=\"http:\/\/www.nordharzev.de\/wp-content\/uploads\/2024\/06\/DSC08582-scaled.jpg\"><img loading=\"lazy\" width=\"683\" height=\"1024\" src=\"http:\/\/www.nordharzev.de\/wp-content\/uploads\/2024\/06\/DSC08582-683x1024.jpg\" alt=\"\" class=\"wp-image-1508\" srcset=\"https:\/\/www.nordharzev.de\/wp-content\/uploads\/2024\/06\/DSC08582-683x1024.jpg 683w, https:\/\/www.nordharzev.de\/wp-content\/uploads\/2024\/06\/DSC08582-200x300.jpg 200w, https:\/\/www.nordharzev.de\/wp-content\/uploads\/2024\/06\/DSC08582-768x1152.jpg 768w, https:\/\/www.nordharzev.de\/wp-content\/uploads\/2024\/06\/DSC08582-1024x1536.jpg 1024w, https:\/\/www.nordharzev.de\/wp-content\/uploads\/2024\/06\/DSC08582-1365x2048.jpg 1365w, https:\/\/www.nordharzev.de\/wp-content\/uploads\/2024\/06\/DSC08582-scaled.jpg 1707w\" sizes=\"(max-width: 683px) 100vw, 683px\" \/><\/a><figcaption><em>Iris aphylla<\/em> &#8211; Nacktst\u00e4ngel-Schwertlilie<\/figcaption><\/figure>\n<\/div>\n\n\n\n<div class=\"wp-container-11 wp-block-column\">\n<figure class=\"wp-block-image size-large\"><a href=\"http:\/\/www.nordharzev.de\/wp-content\/uploads\/2024\/06\/DSC08742-scaled.jpg\"><img loading=\"lazy\" width=\"683\" height=\"1024\" src=\"http:\/\/www.nordharzev.de\/wp-content\/uploads\/2024\/06\/DSC08742-683x1024.jpg\" alt=\"\" class=\"wp-image-1509\" srcset=\"https:\/\/www.nordharzev.de\/wp-content\/uploads\/2024\/06\/DSC08742-683x1024.jpg 683w, https:\/\/www.nordharzev.de\/wp-content\/uploads\/2024\/06\/DSC08742-200x300.jpg 200w, https:\/\/www.nordharzev.de\/wp-content\/uploads\/2024\/06\/DSC08742-768x1152.jpg 768w, https:\/\/www.nordharzev.de\/wp-content\/uploads\/2024\/06\/DSC08742-1024x1536.jpg 1024w, https:\/\/www.nordharzev.de\/wp-content\/uploads\/2024\/06\/DSC08742-1365x2048.jpg 1365w, https:\/\/www.nordharzev.de\/wp-content\/uploads\/2024\/06\/DSC08742-scaled.jpg 1707w\" sizes=\"(max-width: 683px) 100vw, 683px\" \/><\/a><figcaption><em>Astragalus danicus<\/em> &#8211; D\u00e4nischer Tragant<\/figcaption><\/figure>\n<\/div>\n<\/div>\n\n\n\n<p>Der R\u00fcckweg f\u00fchrte wieder durch abwechslungsreiche Laubw\u00e4lder, wobei in der Krautschicht neben den vorherrschenden basiphilen Arten abschnittsweise auch Zeigerarten einer oberfl\u00e4chlichen Versauerung wie die Pillen-Segge (<em>Carex pilulifera<\/em>) und das Wald-Reitgras (<em>Calamagrostis arundinacea<\/em>) hinzutraten.<\/p>\n\n\n\n<p>Zum Abschluss der Exkursion lie\u00df ein Teil der Exkursionsgruppe den Nachmittag noch im Caf\u00e9 an der Huysburg bei Kaffee und Kuchen ausklingen.<\/p>\n\n\n\n<p>Text: Botanischer Verein Sachsen-Anhalt e.V.<br>Fotos: Dorothee Wolf-Dolata<\/p>\n","protected":false},"excerpt":{"rendered":"<p>Bei einer gemeinsamen Exkursion mit dem Botanischen Arbeitskreis Nordharz e.V. f\u00fchrten uns Lars Huth und Lukas Schr\u00f6der durch den \u00f6stlichen Teil des H\u00f6henzuges Huy n\u00f6rdlich von Halberstadt. Die abwechslungsreiche Rundwanderung bot Eindr\u00fccke der artenreichen Laubw\u00e4lder des Gebietes mit ihren inselartig &hellip; <a href=\"https:\/\/www.nordharzev.de\/?page_id=1501\">Weiterlesen <span class=\"meta-nav\">&rarr;<\/span><\/a><\/p>\n","protected":false},"author":1,"featured_media":0,"parent":0,"menu_order":0,"comment_status":"closed","ping_status":"closed","template":"","meta":[],"_links":{"self":[{"href":"https:\/\/www.nordharzev.de\/index.php?rest_route=\/wp\/v2\/pages\/1501"}],"collection":[{"href":"https:\/\/www.nordharzev.de\/index.php?rest_route=\/wp\/v2\/pages"}],"about":[{"href":"https:\/\/www.nordharzev.de\/index.php?rest_route=\/wp\/v2\/types\/page"}],"author":[{"embeddable":true,"href":"https:\/\/www.nordharzev.de\/index.php?rest_route=\/wp\/v2\/users\/1"}],"replies":[{"embeddable":true,"href":"https:\/\/www.nordharzev.de\/index.php?rest_route=%2Fwp%2Fv2%2Fcomments&post=1501"}],"version-history":[{"count":11,"href":"https:\/\/www.nordharzev.de\/index.php?rest_route=\/wp\/v2\/pages\/1501\/revisions"}],"predecessor-version":[{"id":1529,"href":"https:\/\/www.nordharzev.de\/index.php?rest_route=\/wp\/v2\/pages\/1501\/revisions\/1529"}],"wp:attachment":[{"href":"https:\/\/www.nordharzev.de\/index.php?rest_route=%2Fwp%2Fv2%2Fmedia&parent=1501"}],"curies":[{"name":"wp","href":"https:\/\/api.w.org\/{rel}","templated":true}]}}