{"id":1533,"date":"2024-06-30T13:44:21","date_gmt":"2024-06-30T12:44:21","guid":{"rendered":"https:\/\/www.nordharzev.de\/?page_id=1533"},"modified":"2025-10-05T13:58:54","modified_gmt":"2025-10-05T12:58:54","slug":"23-gemeinsame-exkursion-mit-dem-naturwissenschaftlichen-verein-goslar-erkundung-der-bergwiesengesellschaften-bei-hohegeiss","status":"publish","type":"page","link":"https:\/\/www.nordharzev.de\/?page_id=1533","title":{"rendered":"23. Gemeinsame Exkursion mit dem Naturwissenschaftlichen Verein Goslar Erkundung der Bergwiesengesellschaften bei Hohegei\u00df"},"content":{"rendered":"\n<p>Die Harzer Bergwiesen bei Hohegei\u00df waren das Ziel einer gemeinsamen Exkursion des Naturwissenschaftlichen Vereins Goslar und des Botanischen Arbeitskreises Nordharz. Trotz des unsicheren Wetters konnte der Leiter der Exkursion Dr. Florenz Sasse 26 Teilnehmer am Parkplatz der Bushaltestelle \u201eHohehei\u00df-Heimath\u00fctte\u201c begr\u00fc\u00dfen. Nach einer kurzen Wanderung zum Grillplatz Bechlerstein gab er eine kleine Einf\u00fchrung in die Vegetation und den Schutzstatus des Gebietes, das als Flora-Fauna-Habitat-Gebiet 150 \u201eBergwiesen und Wolfsbachtal bei Hohegei\u00df\u201c ausgewiesen ist. Bei den Bergwiesen kann man einen n\u00e4hrstoffreichen und einen mageren Biotoptyp unterscheiden, bei letzterem auch noch basenarme und basenreiche Auspr\u00e4gungen. Die verschiedenen Standortbedingungen spiegeln sich in unterschiedlichen Artenspektren wider. Die typische Pflanzengesellschaft an n\u00e4hrstoffeichen Standorten ist die Waldstorchschnabel-Goldhaferwiese, an mageren Standorten die B\u00e4rwurz-Rotschwingel-Wiese.<\/p>\n\n\n\n<figure class=\"wp-block-image size-large\"><a href=\"http:\/\/www.nordharzev.de\/wp-content\/uploads\/2024\/06\/IMG_0486-scaled.jpg\"><img loading=\"lazy\" width=\"1024\" height=\"709\" src=\"http:\/\/www.nordharzev.de\/wp-content\/uploads\/2024\/06\/IMG_0486-1024x709.jpg\" alt=\"\" class=\"wp-image-1536\" srcset=\"https:\/\/www.nordharzev.de\/wp-content\/uploads\/2024\/06\/IMG_0486-1024x709.jpg 1024w, https:\/\/www.nordharzev.de\/wp-content\/uploads\/2024\/06\/IMG_0486-300x208.jpg 300w, https:\/\/www.nordharzev.de\/wp-content\/uploads\/2024\/06\/IMG_0486-768x532.jpg 768w, https:\/\/www.nordharzev.de\/wp-content\/uploads\/2024\/06\/IMG_0486-1536x1064.jpg 1536w, https:\/\/www.nordharzev.de\/wp-content\/uploads\/2024\/06\/IMG_0486-2048x1419.jpg 2048w\" sizes=\"(max-width: 1024px) 100vw, 1024px\" \/><\/a><\/figure>\n\n\n\n<p>Die Wanderung f\u00fchrte zun\u00e4chst durch Waldrandgebiete und die Feuchtbiotope des Wolfsbachtals. Gleich zu Beginn wurde \u00fcber die Bestimmung eines Frauenmantels <em>(Alchemilla spec.<\/em>) diskutiert. Von dieser artenreichen Gattung sind im Harz 11 Arten heimisch, deren Bestimmung aufw\u00e4ndig ist. Einfacher waren die Bestimmungen von Echtem Ehrenpreis (<em>Veronica officinalis<\/em>), Sumpf-Vergissmeinnicht (<em>Myosotis scorpioides<\/em>), Sumpf-Kratzdistel (<em>Cirsium palustre<\/em>), Rotem Finderhut (<em>Digitalis purpurea<\/em>), Hain-Gilbweiderich (<em>Lysimachia nemorum<\/em>), Gras-Sternmiere (<em>Stellaria graminea<\/em>), Scharfem Hahnenfu\u00df (<em>Ranunculus acris<\/em>), Knotiger Braunwurz (<em>Scrophularia nodosa<\/em>), Europ\u00e4ischer Siebenstern (<em>Trientalis europaea<\/em>) und F\u00e4rber-Ginster (<em>Genista tinctoria<\/em>).<\/p>\n\n\n\n<div class=\"wp-container-3 wp-block-columns\">\n<div class=\"wp-container-1 wp-block-column\">\n<figure class=\"wp-block-image size-large\"><a href=\"http:\/\/www.nordharzev.de\/wp-content\/uploads\/2024\/06\/20240615_130552-scaled.jpg\"><img loading=\"lazy\" width=\"1920\" height=\"2560\" src=\"https:\/\/www.nordharzev.de\/wp-content\/uploads\/2024\/06\/20240615_130552-edited-scaled.jpg\" alt=\"\" class=\"wp-image-1566\" srcset=\"https:\/\/www.nordharzev.de\/wp-content\/uploads\/2024\/06\/20240615_130552-edited-scaled.jpg 1920w, https:\/\/www.nordharzev.de\/wp-content\/uploads\/2024\/06\/20240615_130552-edited-225x300.jpg 225w, https:\/\/www.nordharzev.de\/wp-content\/uploads\/2024\/06\/20240615_130552-edited-768x1024.jpg 768w, https:\/\/www.nordharzev.de\/wp-content\/uploads\/2024\/06\/20240615_130552-edited-1152x1536.jpg 1152w, https:\/\/www.nordharzev.de\/wp-content\/uploads\/2024\/06\/20240615_130552-edited-1536x2048.jpg 1536w\" sizes=\"(max-width: 1920px) 100vw, 1920px\" \/><\/a><figcaption><em>Bistorta officinalis<\/em> und <em>Geranium sylvaticum<\/em><\/figcaption><\/figure>\n<\/div>\n\n\n\n<div class=\"wp-container-2 wp-block-column\">\n<figure class=\"wp-block-image size-large is-resized\"><a href=\"http:\/\/www.nordharzev.de\/wp-content\/uploads\/2024\/06\/Phyteuma_spicatum-Hohegeiss-2024-05942pt.jpg\"><img src=\"https:\/\/www.nordharzev.de\/wp-content\/uploads\/2024\/06\/Phyteuma_spicatum-Hohegeiss-2024-05942pt-edited-1.jpg\" alt=\"\" class=\"wp-image-1569\" width=\"506\" srcset=\"https:\/\/www.nordharzev.de\/wp-content\/uploads\/2024\/06\/Phyteuma_spicatum-Hohegeiss-2024-05942pt-edited-1.jpg 745w, https:\/\/www.nordharzev.de\/wp-content\/uploads\/2024\/06\/Phyteuma_spicatum-Hohegeiss-2024-05942pt-edited-1-225x300.jpg 225w\" sizes=\"(max-width: 745px) 100vw, 745px\" \/><\/a><figcaption><em>Phyteuma spicatum<\/em><\/figcaption><\/figure>\n<\/div>\n<\/div>\n\n\n\n<p>Im Wolfsbachtal fanden sich dann schon typische Elemente der Bergwiesen, wie Schlangen-Wiesenkn\u00f6terich (<em>Bistorta officinalis<\/em>), Hallers Schaumkresse (<em>Arabidopsis halleri<\/em>), Per\u00fccken-Flockenblume (<em>Centaurea pseudophrygia<\/em>), Wald-Storchschnabel (<em>Geranium sylvaticum<\/em>), Geflecktes Johanniskraut (<em>Hypericum maculatum<\/em>), B\u00e4rwurz (<em>Meum athamanticum<\/em>) und \u00c4hrige Teufelskralle (<em>Phyteuma spicatum<\/em>). Vor allem die zahlreichen wei\u00dfen Bl\u00fcten von Schlangen-Kn\u00f6terich und B\u00e4rwurz bestimmten gemeinsam mit den blau-violetten Bl\u00fcten des Wald-Storchschnabels den Aspekt der Bachniederungen. Bemerkenswert war der Fund eines vermutlichen Bastards zwischen Echter und Bach-Nelkenwurz (<em>Geum urbanum<\/em> und <em>Geum rivale<\/em>).<\/p>\n\n\n\n<div class=\"wp-container-6 wp-block-columns\">\n<div class=\"wp-container-4 wp-block-column\">\n<figure class=\"wp-block-image size-large\"><a href=\"http:\/\/www.nordharzev.de\/wp-content\/uploads\/2024\/06\/20240615_113956-scaled.jpg\"><img loading=\"lazy\" width=\"1922\" height=\"2560\" src=\"https:\/\/www.nordharzev.de\/wp-content\/uploads\/2024\/06\/20240615_113956-edited-scaled.jpg\" alt=\"\" class=\"wp-image-1563\" srcset=\"https:\/\/www.nordharzev.de\/wp-content\/uploads\/2024\/06\/20240615_113956-edited-scaled.jpg 1922w, https:\/\/www.nordharzev.de\/wp-content\/uploads\/2024\/06\/20240615_113956-edited-225x300.jpg 225w, https:\/\/www.nordharzev.de\/wp-content\/uploads\/2024\/06\/20240615_113956-edited-769x1024.jpg 769w, https:\/\/www.nordharzev.de\/wp-content\/uploads\/2024\/06\/20240615_113956-edited-768x1023.jpg 768w, https:\/\/www.nordharzev.de\/wp-content\/uploads\/2024\/06\/20240615_113956-edited-1153x1536.jpg 1153w, https:\/\/www.nordharzev.de\/wp-content\/uploads\/2024\/06\/20240615_113956-edited-1538x2048.jpg 1538w\" sizes=\"(max-width: 1922px) 100vw, 1922px\" \/><\/a><\/figure>\n<\/div>\n\n\n\n<div class=\"wp-container-5 wp-block-column\">\n<figure class=\"wp-block-image size-large is-resized\"><a href=\"http:\/\/www.nordharzev.de\/wp-content\/uploads\/2024\/06\/IMG_20240615_113725602-scaled.jpg\"><img loading=\"lazy\" src=\"http:\/\/www.nordharzev.de\/wp-content\/uploads\/2024\/06\/IMG_20240615_113725602-768x1024.jpg\" alt=\"\" class=\"wp-image-1554\" width=\"400\" height=\"533\" srcset=\"https:\/\/www.nordharzev.de\/wp-content\/uploads\/2024\/06\/IMG_20240615_113725602-768x1024.jpg 768w, https:\/\/www.nordharzev.de\/wp-content\/uploads\/2024\/06\/IMG_20240615_113725602-225x300.jpg 225w, https:\/\/www.nordharzev.de\/wp-content\/uploads\/2024\/06\/IMG_20240615_113725602-1152x1536.jpg 1152w, https:\/\/www.nordharzev.de\/wp-content\/uploads\/2024\/06\/IMG_20240615_113725602-1536x2048.jpg 1536w, https:\/\/www.nordharzev.de\/wp-content\/uploads\/2024\/06\/IMG_20240615_113725602-scaled.jpg 1920w\" sizes=\"(max-width: 400px) 100vw, 400px\" \/><\/a><\/figure>\n<\/div>\n<\/div>\n\n\n\n<figure class=\"wp-block-image size-large\"><a href=\"http:\/\/www.nordharzev.de\/wp-content\/uploads\/2024\/06\/IMG_20240615_114803163-scaled.jpg\"><img loading=\"lazy\" width=\"1024\" height=\"768\" src=\"http:\/\/www.nordharzev.de\/wp-content\/uploads\/2024\/06\/IMG_20240615_114803163-1024x768.jpg\" alt=\"\" class=\"wp-image-1552\" srcset=\"https:\/\/www.nordharzev.de\/wp-content\/uploads\/2024\/06\/IMG_20240615_114803163-1024x768.jpg 1024w, https:\/\/www.nordharzev.de\/wp-content\/uploads\/2024\/06\/IMG_20240615_114803163-300x225.jpg 300w, https:\/\/www.nordharzev.de\/wp-content\/uploads\/2024\/06\/IMG_20240615_114803163-768x576.jpg 768w, https:\/\/www.nordharzev.de\/wp-content\/uploads\/2024\/06\/IMG_20240615_114803163-1536x1152.jpg 1536w, https:\/\/www.nordharzev.de\/wp-content\/uploads\/2024\/06\/IMG_20240615_114803163-2048x1536.jpg 2048w\" sizes=\"(max-width: 1024px) 100vw, 1024px\" \/><\/a><\/figure>\n\n\n\n<p>Hinter dem Engelsbach wurde der Weg enger. An den Felsen wuchsen Braunstieliger Streifenfarn (<em>Asplenium trichomanes<\/em>), Zerbrechlicher Blasenfarn (<em>Cystopteris fragilis<\/em>) und Eichenfarn (<em>Gymnocarpium dryopteris<\/em>). Nach einem kurzen Aufstieg wurde dann der erste Bergwiesenabschnitt erreicht. Auffallend waren sofort die leuchtenden K\u00f6pfe der Arnika (<em>Arnica montana<\/em>), eine begehrte Heilpflanze, die durch Sammeln und Biotopverlust bedroht ist. Deutschland hat f\u00fcr den Schutz dieser Art eine besondere Verantwortung \u00fcbernommen. Der Bergwohlverleih, wie die Arnika auch genannt wird, findet sich eher auf n\u00e4hrstoffarmen Bergwiesen, wie auch das Harzer und das Heide-Labkraut (<em>Galium saxatile<\/em> und <em>G. pumilum<\/em>), die Berg-Platterbse (<em>Lathyrus linifolius<\/em>) und die Blutwurz (<em>Potentilla erecta<\/em>).<br>Schwieriger zu finden war eine andere bedrohte Art, der Weiche Pippau (<em>Crepis mollis<\/em>). Er wurde erst nach einigem Suchen gefunden, danach aber noch \u00f6fter entdeckt. Er kommt eher auf basenreichen Standorten der Bergwiesen vor. Gef\u00e4hrdet ist auch das Pyren\u00e4en-Leinblatt (<em>Thesium pyrenaicum<\/em>), das hier zahlreich vorkommt.<\/p>\n\n\n\n<div class=\"wp-container-9 wp-block-columns\">\n<div class=\"wp-container-7 wp-block-column\">\n<figure class=\"wp-block-image size-large\"><a href=\"http:\/\/www.nordharzev.de\/wp-content\/uploads\/2024\/06\/IMG_0550-scaled.jpg\"><img loading=\"lazy\" width=\"711\" height=\"1024\" src=\"http:\/\/www.nordharzev.de\/wp-content\/uploads\/2024\/06\/IMG_0550-711x1024.jpg\" alt=\"\" class=\"wp-image-1555\" srcset=\"https:\/\/www.nordharzev.de\/wp-content\/uploads\/2024\/06\/IMG_0550-711x1024.jpg 711w, https:\/\/www.nordharzev.de\/wp-content\/uploads\/2024\/06\/IMG_0550-208x300.jpg 208w, https:\/\/www.nordharzev.de\/wp-content\/uploads\/2024\/06\/IMG_0550-768x1106.jpg 768w, https:\/\/www.nordharzev.de\/wp-content\/uploads\/2024\/06\/IMG_0550-1067x1536.jpg 1067w, https:\/\/www.nordharzev.de\/wp-content\/uploads\/2024\/06\/IMG_0550-1422x2048.jpg 1422w, https:\/\/www.nordharzev.de\/wp-content\/uploads\/2024\/06\/IMG_0550-scaled.jpg 1778w\" sizes=\"(max-width: 711px) 100vw, 711px\" \/><\/a><figcaption><em>Arnica montana<\/em><\/figcaption><\/figure>\n<\/div>\n\n\n\n<div class=\"wp-container-8 wp-block-column\">\n<figure class=\"wp-block-image size-large\"><a href=\"http:\/\/www.nordharzev.de\/wp-content\/uploads\/2024\/06\/IMG_0611-scaled.jpg\"><img loading=\"lazy\" width=\"710\" height=\"1024\" src=\"http:\/\/www.nordharzev.de\/wp-content\/uploads\/2024\/06\/IMG_0611-710x1024.jpg\" alt=\"\" class=\"wp-image-1556\" srcset=\"https:\/\/www.nordharzev.de\/wp-content\/uploads\/2024\/06\/IMG_0611-710x1024.jpg 710w, https:\/\/www.nordharzev.de\/wp-content\/uploads\/2024\/06\/IMG_0611-208x300.jpg 208w, https:\/\/www.nordharzev.de\/wp-content\/uploads\/2024\/06\/IMG_0611-768x1108.jpg 768w, https:\/\/www.nordharzev.de\/wp-content\/uploads\/2024\/06\/IMG_0611-1065x1536.jpg 1065w, https:\/\/www.nordharzev.de\/wp-content\/uploads\/2024\/06\/IMG_0611-1419x2048.jpg 1419w, https:\/\/www.nordharzev.de\/wp-content\/uploads\/2024\/06\/IMG_0611-scaled.jpg 1774w\" sizes=\"(max-width: 710px) 100vw, 710px\" \/><\/a><figcaption><em>Orchis mascula<\/em><\/figcaption><\/figure>\n<\/div>\n<\/div>\n\n\n\n<p>In der N\u00e4he des Kurparks fielen gro\u00dfe Best\u00e4nde von Lupinen (<em>Lupinus polyphyllus<\/em>) in den Wiesen auf. Da diese neophytische Art zu einer Eutrophierung ihrer Standorte f\u00fchrt, wurde das Vorkommen eher kritisch gesehen. In einem Waldrandbereich des Kurparks wurde der Platanen-Hahnenfu\u00df (<em>Ranunculus platanifolius<\/em>) entdeckt, eine Art subalpiner und montaner Hochstaudenfluren, die im Harz ihre n\u00f6rdlichste Verbreitung hat.<\/p>\n\n\n\n<figure class=\"wp-block-image size-large\"><a href=\"http:\/\/www.nordharzev.de\/wp-content\/uploads\/2024\/06\/IMG_0592-scaled.jpg\"><img loading=\"lazy\" width=\"1024\" height=\"683\" src=\"http:\/\/www.nordharzev.de\/wp-content\/uploads\/2024\/06\/IMG_0592-1024x683.jpg\" alt=\"\" class=\"wp-image-1557\" srcset=\"https:\/\/www.nordharzev.de\/wp-content\/uploads\/2024\/06\/IMG_0592-1024x683.jpg 1024w, https:\/\/www.nordharzev.de\/wp-content\/uploads\/2024\/06\/IMG_0592-300x200.jpg 300w, https:\/\/www.nordharzev.de\/wp-content\/uploads\/2024\/06\/IMG_0592-768x512.jpg 768w, https:\/\/www.nordharzev.de\/wp-content\/uploads\/2024\/06\/IMG_0592-1536x1024.jpg 1536w, https:\/\/www.nordharzev.de\/wp-content\/uploads\/2024\/06\/IMG_0592-2048x1365.jpg 2048w\" sizes=\"(max-width: 1024px) 100vw, 1024px\" \/><\/a><figcaption><em>Ranunculus platanifolius<\/em><\/figcaption><\/figure>\n\n\n\n<p>Die letzte Etappe der Exkursion f\u00fchrte durch teilweise eher magere Bergwiesen n\u00f6rdlich von Hohegei\u00df. Hier gab es gleich zu Anfang die kr\u00e4ftig blau gef\u00e4rbten K\u00f6pfchen der Kugeligen Teufelskralle (<em>Phyteuma orbiculare<\/em>) zu bestaunen. Auch diese Art bevorzugt wie der Weiche Pippau eher basenreiche Standorte. Hier findet sich auch das Nordische Labkraut (<em>Galium boreale<\/em>) und das Sonnenr\u00f6schen (<em>Helianthemum nummularium ssp. obscurum<\/em>). Auf den ausgedehnten Wiesen waren noch einmal alle hier typischen Arten vertreten, dazu weitere Seltenheiten wie Stattliches Knabenkraut (<em>Orchis mascula<\/em>) und Trollblume (<em>Trollius europaeus<\/em>).<\/p>\n\n\n\n<div class=\"wp-container-12 wp-block-columns\">\n<div class=\"wp-container-10 wp-block-column\">\n<figure class=\"wp-block-image size-large\"><a href=\"http:\/\/www.nordharzev.de\/wp-content\/uploads\/2024\/06\/IMG_0638-scaled.jpg\"><img loading=\"lazy\" width=\"708\" height=\"1024\" src=\"http:\/\/www.nordharzev.de\/wp-content\/uploads\/2024\/06\/IMG_0638-708x1024.jpg\" alt=\"\" class=\"wp-image-1541\" srcset=\"https:\/\/www.nordharzev.de\/wp-content\/uploads\/2024\/06\/IMG_0638-708x1024.jpg 708w, https:\/\/www.nordharzev.de\/wp-content\/uploads\/2024\/06\/IMG_0638-208x300.jpg 208w, https:\/\/www.nordharzev.de\/wp-content\/uploads\/2024\/06\/IMG_0638-768x1110.jpg 768w, https:\/\/www.nordharzev.de\/wp-content\/uploads\/2024\/06\/IMG_0638-1063x1536.jpg 1063w, https:\/\/www.nordharzev.de\/wp-content\/uploads\/2024\/06\/IMG_0638-1417x2048.jpg 1417w, https:\/\/www.nordharzev.de\/wp-content\/uploads\/2024\/06\/IMG_0638-scaled.jpg 1771w\" sizes=\"(max-width: 708px) 100vw, 708px\" \/><\/a><\/figure>\n<\/div>\n\n\n\n<div class=\"wp-container-11 wp-block-column\">\n<figure class=\"wp-block-image size-large\"><a href=\"http:\/\/www.nordharzev.de\/wp-content\/uploads\/2024\/06\/IMG_0634.jpg\"><img loading=\"lazy\" width=\"708\" height=\"1024\" src=\"http:\/\/www.nordharzev.de\/wp-content\/uploads\/2024\/06\/IMG_0634-708x1024.jpg\" alt=\"\" class=\"wp-image-1540\" srcset=\"https:\/\/www.nordharzev.de\/wp-content\/uploads\/2024\/06\/IMG_0634-708x1024.jpg 708w, https:\/\/www.nordharzev.de\/wp-content\/uploads\/2024\/06\/IMG_0634-207x300.jpg 207w, https:\/\/www.nordharzev.de\/wp-content\/uploads\/2024\/06\/IMG_0634-768x1111.jpg 768w, https:\/\/www.nordharzev.de\/wp-content\/uploads\/2024\/06\/IMG_0634-1061x1536.jpg 1061w, https:\/\/www.nordharzev.de\/wp-content\/uploads\/2024\/06\/IMG_0634-1415x2048.jpg 1415w, https:\/\/www.nordharzev.de\/wp-content\/uploads\/2024\/06\/IMG_0634.jpg 1644w\" sizes=\"(max-width: 708px) 100vw, 708px\" \/><\/a><\/figure>\n<\/div>\n<\/div>\n\n\n\n<p>Zur\u00fcck am Grillplatz Bechlerstein fand die Exkursion in einer gem\u00fctlichen Runde bei Kaffee, Tee und Kuchen ihren Abschluss. Bei der Ankunft gab es noch einen kurzen Regenschauer, aber dann schien endg\u00fcltig die Sonne. Alle Teilnehmer waren sich einig, dass die Bergwiesen bei Hohegei\u00df einen Besuch wert sind und hoffentlich erhalten werden k\u00f6nnen. Da abzusehen ist, dass die traditionelle Bewirtschaftung der Wiesen immer mehr zur\u00fcckgehen wird, sind staatlich gef\u00f6rderte Pflegema\u00dfnahmen unverzichtbar.<\/p>\n\n\n\n<div class=\"wp-container-15 wp-block-columns\">\n<div class=\"wp-container-13 wp-block-column\">\n<figure class=\"wp-block-image size-large\"><a href=\"http:\/\/www.nordharzev.de\/wp-content\/uploads\/2024\/06\/IMG_20240615_135047737_HDR-scaled.jpg\"><img loading=\"lazy\" width=\"768\" height=\"1024\" src=\"http:\/\/www.nordharzev.de\/wp-content\/uploads\/2024\/06\/IMG_20240615_135047737_HDR-768x1024.jpg\" alt=\"\" class=\"wp-image-1542\" srcset=\"https:\/\/www.nordharzev.de\/wp-content\/uploads\/2024\/06\/IMG_20240615_135047737_HDR-768x1024.jpg 768w, https:\/\/www.nordharzev.de\/wp-content\/uploads\/2024\/06\/IMG_20240615_135047737_HDR-225x300.jpg 225w, https:\/\/www.nordharzev.de\/wp-content\/uploads\/2024\/06\/IMG_20240615_135047737_HDR-1152x1536.jpg 1152w, https:\/\/www.nordharzev.de\/wp-content\/uploads\/2024\/06\/IMG_20240615_135047737_HDR-1536x2048.jpg 1536w, https:\/\/www.nordharzev.de\/wp-content\/uploads\/2024\/06\/IMG_20240615_135047737_HDR-scaled.jpg 1920w\" sizes=\"(max-width: 768px) 100vw, 768px\" \/><\/a><\/figure>\n<\/div>\n\n\n\n<div class=\"wp-container-14 wp-block-column\">\n<figure class=\"wp-block-image size-large\"><a href=\"http:\/\/www.nordharzev.de\/wp-content\/uploads\/2024\/06\/IMG_20240615_105327231_HDR-scaled.jpg\"><img loading=\"lazy\" width=\"768\" height=\"1024\" src=\"http:\/\/www.nordharzev.de\/wp-content\/uploads\/2024\/06\/IMG_20240615_105327231_HDR-768x1024.jpg\" alt=\"\" class=\"wp-image-1559\" srcset=\"https:\/\/www.nordharzev.de\/wp-content\/uploads\/2024\/06\/IMG_20240615_105327231_HDR-768x1024.jpg 768w, https:\/\/www.nordharzev.de\/wp-content\/uploads\/2024\/06\/IMG_20240615_105327231_HDR-225x300.jpg 225w, https:\/\/www.nordharzev.de\/wp-content\/uploads\/2024\/06\/IMG_20240615_105327231_HDR-1152x1536.jpg 1152w, https:\/\/www.nordharzev.de\/wp-content\/uploads\/2024\/06\/IMG_20240615_105327231_HDR-1536x2048.jpg 1536w, https:\/\/www.nordharzev.de\/wp-content\/uploads\/2024\/06\/IMG_20240615_105327231_HDR-scaled.jpg 1920w\" sizes=\"(max-width: 768px) 100vw, 768px\" \/><\/a><\/figure>\n<\/div>\n<\/div>\n\n\n\n<p>Unser herzlicher Dank gilt der Exkursionsleitung &#8211; Herrn Dr. Sasse &#8211; und dem Organisationsteam der gelungenen Veranstaltung des NWV Goslar.<\/p>\n\n\n\n<p>Text: Dr. Florenz Sasse<br>Fotos: Dr. Florenz und Ingrid Sasse, J\u00fcrgen Roehl, Katja Osterloh sowie Dorothee Wolf-Dolata<\/p>\n","protected":false},"excerpt":{"rendered":"<p>Die Harzer Bergwiesen bei Hohegei\u00df waren das Ziel einer gemeinsamen Exkursion des Naturwissenschaftlichen Vereins Goslar und des Botanischen Arbeitskreises Nordharz. Trotz des unsicheren Wetters konnte der Leiter der Exkursion Dr. Florenz Sasse 26 Teilnehmer am Parkplatz der Bushaltestelle \u201eHohehei\u00df-Heimath\u00fctte\u201c begr\u00fc\u00dfen. &hellip; <a href=\"https:\/\/www.nordharzev.de\/?page_id=1533\">Weiterlesen <span class=\"meta-nav\">&rarr;<\/span><\/a><\/p>\n","protected":false},"author":1,"featured_media":0,"parent":0,"menu_order":0,"comment_status":"closed","ping_status":"closed","template":"","meta":[],"_links":{"self":[{"href":"https:\/\/www.nordharzev.de\/index.php?rest_route=\/wp\/v2\/pages\/1533"}],"collection":[{"href":"https:\/\/www.nordharzev.de\/index.php?rest_route=\/wp\/v2\/pages"}],"about":[{"href":"https:\/\/www.nordharzev.de\/index.php?rest_route=\/wp\/v2\/types\/page"}],"author":[{"embeddable":true,"href":"https:\/\/www.nordharzev.de\/index.php?rest_route=\/wp\/v2\/users\/1"}],"replies":[{"embeddable":true,"href":"https:\/\/www.nordharzev.de\/index.php?rest_route=%2Fwp%2Fv2%2Fcomments&post=1533"}],"version-history":[{"count":6,"href":"https:\/\/www.nordharzev.de\/index.php?rest_route=\/wp\/v2\/pages\/1533\/revisions"}],"predecessor-version":[{"id":1754,"href":"https:\/\/www.nordharzev.de\/index.php?rest_route=\/wp\/v2\/pages\/1533\/revisions\/1754"}],"wp:attachment":[{"href":"https:\/\/www.nordharzev.de\/index.php?rest_route=%2Fwp%2Fv2%2Fmedia&parent=1533"}],"curies":[{"name":"wp","href":"https:\/\/api.w.org\/{rel}","templated":true}]}}