{"id":475,"date":"2016-12-15T17:57:52","date_gmt":"2016-12-15T16:57:52","guid":{"rendered":"http:\/\/www.nordharzev.de\/?page_id=475"},"modified":"2026-02-24T18:47:13","modified_gmt":"2026-02-24T17:47:13","slug":"datenschutzerklaerung","status":"publish","type":"page","link":"https:\/\/www.nordharzev.de\/?page_id=475","title":{"rendered":"Datenschutzerkl\u00e4rung"},"content":{"rendered":"<p style=\"text-align: justify;\">Kontakt f\u00fcr datenschutzrelevante Anfragen des Botanischen Arbeitskreis Nordharz e.V.<\/p>\n<p style=\"text-align: justify;\">Frau Doroth\u00e9e Wolf-Dolata<br \/>\nSylvestristra\u00dfe 4<br \/>\nD-38855 Wernigerode<br \/>\nDeutschland<\/p>\n<p style=\"text-align: justify;\">Tel.: +49 3943-630555<br \/>\nMail: <a href=\"mailto:kontakt@nordharzev.de\">kontakt@nordharzev.de<\/a><\/p>\n<p style=\"text-align: justify;\"><strong>Datenerfassung auf der Webseite<\/strong><\/p>\n<p style=\"text-align: justify;\">Wer ist verantwortlich f\u00fcr die Datenerfassung auf dieser Website?<br \/>\nDie Datenverarbeitung auf dieser Website erfolgt durch den Websitebetreiber. Dessen Kontaktdaten k\u00f6nnen Sie dem Impressum dieser Website entnehmen.<\/p>\n<p style=\"text-align: justify;\">Wie erfassen wir Ihre Daten?<br \/>\nIhre Daten werden zum einen dadurch erhoben, dass Sie uns diese mitteilen. Hierbei kann es sich z.B. um Daten handeln, die Sie in ein Kontaktformular eingeben. Andere Daten werden automatisch beim Besuch der Website durch unsere IT-Systeme erfasst. Das sind vor allem technische Daten (z.B. Internetbrowser, Betriebssystem oder Uhrzeit des Seitenaufrufs). Die Erfassung dieser Daten erfolgt automatisch, sobald Sie unsere Website betreten.<\/p>\n<p style=\"text-align: justify;\">Wof\u00fcr nutzen wir Ihre Daten?<br \/>\nEin Teil der Daten wird erhoben, um eine fehlerfreie Bereitstellung der Website zu gew\u00e4hrleisten. Andere Daten k\u00f6nnen zur Analyse Ihres Nutzerverhaltens verwendet werden.<\/p>\n<p style=\"text-align: justify;\">Welche Rechte haben Sie bez\u00fcglich Ihrer Daten?<br \/>\nSie haben jederzeit das Recht unentgeltlich Auskunft \u00fcber Herkunft, Empf\u00e4nger und Zweck Ihrer gespeicherten personenbezogenen Daten zu erhalten. Sie haben au\u00dferdem ein Recht, die Berichtigung, Sperrung oder L\u00f6schung dieser Daten zu verlangen. Hierzu sowie zu weiteren Fragen zum Thema Datenschutz k\u00f6nnen Sie sich jederzeit unter der im Impressum angegebenen Adresse an uns wenden. Des Weiteren steht Ihnen ein Beschwerderecht bei der zust\u00e4ndigen Aufsichtsbeh\u00f6rde zu.<\/p>\n<p style=\"text-align: justify;\"><strong>Analyse-Tools und Tools von Drittanbietern<\/strong><br \/>\nWir setzen auf diesen Webseiten keine derartigen Tools von Drittanbietern ein.<\/p>\n<p style=\"text-align: justify;\">Hinweis zur verantwortlichen Stelle<br \/>\nDie verantwortliche Stelle f\u00fcr die Datenverarbeitung auf dieser Website ist:<br \/>\nBotanischer Arbeitskreis Nordharz e.V.<br \/>\nSylvestristra\u00dfe 4<br \/>\n38855 Wernigerode<br \/>\nDeutschland<\/p>\n<p style=\"text-align: justify;\">Vertreten durch<br \/>\nBotanischen Arbeitskreis Nordharz e.V.,<br \/>\nvertreten durch die Vorsitzende Doroth\u00e9e Wolf-Dolata<\/p>\n<p style=\"text-align: justify;\">Kontakt<br \/>\nTel.: +49 3943-630555<br \/>\nMail: <a href=\"mailto:kontakt@nordharzev.de\">kontakt@nordharzev.de<\/a><\/p>\n<p style=\"text-align: justify;\">Verantwortliche Stelle ist die nat\u00fcrliche oder juristische Person, die allein oder gemeinsam mit anderen \u00fcber die Zwecke und Mittel der Verarbeitung von personenbezogenen Daten (z.B. Namen, E-Mail-Adressen o. \u00e4.) entscheidet.<\/p>\n<p style=\"text-align: justify;\"><strong>Anwendungsbereich<\/strong><\/p>\n<p style=\"text-align: justify;\">Diese Datenschutzerkl\u00e4rung gilt f\u00fcr die Nutzung der vom Botanischen Arbeitskreis Nordharz e.V. angebotenen Webseiten. Diese Datenschutzerkl\u00e4rung gilt nicht f\u00fcr die Webseiten anderer Dienstanbieter, auf die lediglich durch einen Link verwiesen wird.<\/p>\n<p style=\"text-align: justify;\">Die rechtlichen Grundlagen f\u00fcr die Datenverarbeitung ergeben sich aus Art. 6 Abs. 1 lit. b DSGVO, der die Verarbeitung von Daten zur Erf\u00fcllung eines Vertrags oder vorvertraglicher Ma\u00dfnahmen gestattet, dem Bundesdatenschutzgesetz (BDSG) und dem Digitale-Dienste-Gesetz (DDG).<\/p>\n<p style=\"text-align: justify;\">Wir weisen darauf hin, dass die Daten\u00fcbertragung im Internet (z.B. bei der Kommunikation per E-Mail) Sicherheitsl\u00fccken aufweisen kann. Ein l\u00fcckenloser Schutz der Daten vor dem Zugriff durch Dritte ist nicht m\u00f6glich.<\/p>\n<p style=\"text-align: justify;\"><strong>Zugriffsdaten \/ Server-Logfiles<\/strong><\/p>\n<p style=\"text-align: justify;\">Der Anbieter (beziehungsweise sein Webspace-Provider) erhebt Daten \u00fcber jeden Zugriff auf das Angebot (so genannte Serverlogfiles). Zu den Zugriffsdaten geh\u00f6ren: Name der abgerufenen Webseite, Datei, Datum und Uhrzeit des Abrufs, \u00fcbertragene Datenmenge, Meldung \u00fcber erfolgreichen Abruf, Browsertyp nebst Version, das Betriebssystem des Nutzers, Referrer URL (die zuvor besuchte Seite), IP-Adresse und der anfragende Provider. Der Anbieter verwendet die Protokolldaten nur f\u00fcr statistische Auswertungen zum Zweck des Betriebs, der Sicherheit und der Optimierung des Angebotes. Der Anbieter beh\u00e4lt sich jedoch vor, die Protokolldaten nachtr\u00e4glich zu \u00fcberpr\u00fcfen, wenn aufgrund konkreter Anhaltspunkte der berechtigte Verdacht einer rechtswidrigen Nutzung besteht.<\/p>\n<p style=\"text-align: justify;\">Automatisch gespeicherte Daten:<br \/>\n&#8211; Browsertyp und Browserversion<br \/>\n&#8211; verwendetes Betriebssystem und der Ger\u00e4tetyp<br \/>\n&#8211; Referrer URL<br \/>\n&#8211; Hostname des zugreifenden Rechners<br \/>\n&#8211; Uhrzeit und Ort der Serveranfrage<br \/>\n&#8211; Klick- und Bewegungspunkte anonymisiert<br \/>\n&#8211; IP-Adresse<\/p>\n<p style=\"text-align: justify;\"><strong>Personenbezogene Daten<\/strong><\/p>\n<p style=\"text-align: justify;\">Personenbezogenen Daten sind Einzelangaben \u00fcber pers\u00f6nliche oder sachliche Verh\u00e4ltnisse einer bestimmten oder bestimmbaren nat\u00fcrlichen Person. So sind beispielsweise Ihr Name, Ihre Anschrift, Ihre Konto-, Ausweis- oder Telefonnummer, Ihr Kfz-Kennzeichen, Ihre Email-Adresse oder IP-Nummer personenbezogene Daten. Nicht personenbezogen sind hingegen solche Daten, mit denen die Ermittlung Ihrer tats\u00e4chlichen Identit\u00e4t unm\u00f6glich ist. Hierzu geh\u00f6ren beispielsweise Informationen dar\u00fcber, welchen Geschlechts Sie sind, welchen Browser Sie verwenden oder welche Automarke Sie bevorzugen.<\/p>\n<p style=\"text-align: justify;\"><strong>Kontaktformular<\/strong><\/p>\n<p style=\"text-align: justify;\">Ein Kontaktformular wird nicht angeboten.<\/p>\n<p style=\"text-align: justify;\"><strong>Newsletter<\/strong><\/p>\n<p style=\"text-align: justify;\">Ein Newsletter wird nicht angeboten.<\/p>\n<p style=\"text-align: justify;\"><strong>Anonymit\u00e4t<\/strong><\/p>\n<p style=\"text-align: justify;\">Bei der Nutzung der Webseiten bleiben Sie anonym, solange Sie uns nicht von sich aus freiwillig personenbezogene Daten zur Verf\u00fcgung stellen. Die einzige Ausnahme von diesem Grundsatz stellt die vor\u00fcbergehende automatische Erhebung und Speicherung Ihrer IP-Nummer dar. N\u00e4heres hierzu erfahren Sie unter Zugriffsdaten \/ Server Logfiles s.o.<\/p>\n<p style=\"text-align: justify;\"><strong>Automatische Erhebung, Verarbeitung und Nutzung von personenbezogenen Daten (Google Analytics\/Adsense\/Adwords\/reCAPTCHA\/Maps o.a.)<\/strong><\/p>\n<p style=\"text-align: justify;\">Der Botanischen Arbeitskreis Nordharz e.V. nutzt auf diesen Seiten Google Analytics\/Adsense\/Adwords\/reCAPTCHA\/Maps o.a. nicht.<\/p>\n<p style=\"text-align: justify;\"><strong>Cookies<\/strong><\/p>\n<p style=\"text-align: justify;\">Cookies sind kleine Dateien, die es erm\u00f6glichen, auf dem Zugriffsger\u00e4t der Nutzer (PC, Smartphone o.\u00e4.) spezifische, auf das Ger\u00e4t bezogene Informationen zu speichern. Sie dienen zum einem der Benutzerfreundlichkeit von Webseiten und damit den Nutzern (z.B. Speicherung von Logindaten). Zum anderen dienen sie, um die statistischen Daten der Webseitennutzung zu erfassen und sie zwecks Verbesserung des Angebotes analysieren zu k\u00f6nnen. Die Nutzer k\u00f6nnen auf den Einsatz der Cookies Einfluss nehmen. Die meisten Browser verf\u00fcgen eine Option mit der das Speichern von Cookies eingeschr\u00e4nkt oder komplett verhindert wird. Allerdings wird darauf hingewiesen, dass die Nutzung und insbesondere der Nutzungskomfort ohne Cookies eingeschr\u00e4nkt werden.<\/p>\n<p style=\"text-align: justify;\">Sie k\u00f6nnen viele Online-Anzeigen-Cookies von Unternehmen \u00fcber die US-amerikanische Seite <a href=\"http:\/\/www.aboutads.info\/choices\/\">http:\/\/www.aboutads.info\/choices\/<\/a> oder die EU-Seite <a href=\"http:\/\/www.youronlinechoices.com\/uk\/your-ad-choices\/\">http:\/\/www.youronlinechoices.com\/uk\/your-ad-choices\/<\/a> verwalten.<\/p>\n<p style=\"text-align: justify;\">Unsere Webseiten benutzen sog. \u201eCookies&#8220;, Textdateien, die auf Ihrem Computer gespeichert werden. Diese werden ausschliesslich zu technischen Zwecken genutzt, um die Funktionalit\u00e4t der Webseiten zu gew\u00e4hrleisten. Werbe- oder Analysezwecke sind ausgeschlossen. Sie k\u00f6nnen die Installation der Cookies durch eine entsprechende Einstellung Ihrer Browser Software verhindern.<\/p>\n<p style=\"text-align: justify;\">Notwendige Cookies<br \/>\nNotwendige Cookies helfen dabei, eine Webseite nutzbar zu machen, indem sie Grundfunktionen wie Seitennavigation und Zugriff auf sichere Bereiche der Webseite erm\u00f6glichen. Ohne diese Cookies k\u00f6nnen wichtige Funktionen nicht bereitgestellt werden und m\u00f6glicherweise wird der Zugriff auf bestimmte Bereiche verweigert.<\/p>\n<p style=\"text-align: justify;\">Pr\u00e4ferenzen Cookies<br \/>\nWerden auf diesen Seiten nicht genutzt.<\/p>\n<p style=\"text-align: justify;\">Statistiken Cookies<br \/>\nWerden auf diesen Seiten nicht genutzt.<\/p>\n<p style=\"text-align: justify;\">Marketing Cookies<br \/>\nWerden auf diesen Seiten nicht genutzt.<\/p>\n<p style=\"text-align: justify;\">Cookies: Browser Plugin<br \/>\nSie k\u00f6nnen die Speicherung der Cookies durch eine entsprechende Einstellung Ihrer Browser-Software verhindern; wir weisen Sie jedoch darauf hin, dass Sie in diesem Fall gegebenenfalls nicht s\u00e4mtliche Funktionen dieser Website vollumf\u00e4nglich werden nutzen k\u00f6nnen. Sie k\u00f6nnen dar\u00fcber hinaus die Erfassung der durch den Cookie erzeugten und auf Ihre Nutzung der Website bezogenen Daten (inkl. Ihrer IP-Adresse) sowie die Verarbeitung dieser Daten mittels diverser Browser Plugins verhindern.<\/p>\n<p style=\"text-align: justify;\"><strong>Zweck der Erhebung, Verarbeitung oder Nutzung personenbezogener Daten<\/strong><\/p>\n<p style=\"text-align: justify;\">Die von Ihnen zur Verf\u00fcgung gestellten personenbezogenen Daten verwenden wir ausschlie\u00dflich zu den mitgeteilten bzw. vereinbarten Zwecken.<\/p>\n<p style=\"text-align: justify;\"><strong>Verwendung personenbezogener Daten<\/strong><\/p>\n<p style=\"text-align: justify;\">Die eingegebenen Daten werden ausschliesslich zur Kontaktaufnahme genutzt.<\/p>\n<p style=\"text-align: justify;\"><strong>Weitergabe, Verkauf oder \u00dcbermittlung von personenbezogenen Daten an Dritte<\/strong><\/p>\n<p style=\"text-align: justify;\">Eine Weitergabe, Verkauf oder sonstige \u00dcbermittlung Ihrer personenbezogenen Daten an Dritte erfolgt nicht, es sei denn, dass dies zur Abwicklung der mitgeteilten bzw. vereinbarten Zwecke erforderlich ist oder Sie ausdr\u00fccklich eingewilligt haben.<\/p>\n<p style=\"text-align: justify;\"><strong>Sonstige Erhebung, Verarbeitung oder Nutzung personenbezogener Daten<\/strong><\/p>\n<p style=\"text-align: justify;\">Personenbezogene Daten erheben, verarbeiten oder nutzen wir von Ihnen im \u00fcbrigen nur dann, wenn Sie uns diese von sich aus freiwillig zur Verf\u00fcgung stellen und dies gesetzlich erlaubt ist oder Sie eingewilligt haben.<\/p>\n<p style=\"text-align: justify;\"><strong>Widerruf der Einwilligung<\/strong><\/p>\n<p style=\"text-align: justify;\">Sie haben jederzeit die M\u00f6glichkeit, dem mit der Einwilligung vereinbarten Verwendungszweck Ihrer personenbezogenen Daten f\u00fcr die Zukunft zu widersprechen. Wenden Sie sich dazu bitte an die oben genannte Stelle.<\/p>\n<p style=\"text-align: justify;\"><strong>Sicherheitsma\u00dfnahmen<\/strong><\/p>\n<p style=\"text-align: justify;\">Der Botanischen Arbeitskreis Nordharz e.V. trifft die technischen und organisatorischen Sicherheitsma\u00dfnahmen, um Ihre personenbezogenen Daten vor Verlust und Missbrauch zu sch\u00fctzen. So werden Ihre Daten in einer sicheren Betriebsumgebung gespeichert, die der \u00d6ffentlichkeit nicht zug\u00e4nglich ist. Sollten Sie mit uns per E-Mail in Kontakt treten wollen, weisen wir darauf hin, dass die Vertraulichkeit der \u00fcbermittelten Informationen nicht gew\u00e4hrleistet ist. Der Inhalt von E-Mails kann \u2013 \u00e4hnlich wie bei Postkarten \u2013 von Dritten eingesehen werden. Wir empfehlen Ihnen daher, uns vertrauliche Informationen ausschlie\u00dflich \u00fcber den Postweg zukommen zu lassen.<\/p>\n<p style=\"text-align: justify;\"><strong>Speicherdauer von Daten<\/strong><\/p>\n<p style=\"text-align: justify;\">Webseite<br \/>\nSobald die genannten Daten zur Anzeige der Webseite nicht mehr erforderlich sind, werden sie gel\u00f6scht. Die Erfassung der Daten zur Bereitstellung der Webseite und die Speicherung der Daten in Logfiles ist f\u00fcr den Betrieb der Internetseite zwingend erforderlich. Es besteht folglich seitens des Nutzers keine Widerspruchsm\u00f6glichkeit. Eine weitergehende Speicherung kann im Einzelfall dann erfolgen, wenn dies gesetzlich vorgeschrieben ist.<\/p>\n<p style=\"text-align: justify;\">Kontaktdaten<br \/>\nDie Dauer der Speicherung der oben genannten Daten ist abh\u00e4ngig vom Hintergrund Ihrer Kontaktaufnahme. Eine L\u00f6schung Ihrer Daten erfolgt regelm\u00e4\u00dfig, sofern der verfolgte Zweck der Kommunikation entfallen und eine Speicherung nicht mehr erforderlich ist.<\/p>\n<p style=\"text-align: justify;\"><strong>Widerspruch gegen Werbe-Mails<\/strong><\/p>\n<p style=\"text-align: justify;\">Der Nutzung von im Rahmen der Impressumspflicht ver\u00f6ffentlichten Kontaktdaten zur \u00dcbersendung von nicht ausdr\u00fccklich angeforderter Werbung und Informationsmaterialien wird hiermit widersprochen. Die Betreiber der Seiten behalten sich ausdr\u00fccklich rechtliche Schritte im Falle der unverlangten Zusendung von Werbeinformationen, etwa durch Spam-E-Mails, vor.<\/p>\n<p style=\"text-align: justify;\"><strong>Plugins und Tools<\/strong><\/p>\n<p style=\"text-align: justify;\">jquery<br \/>\nWird nicht eingesetzt.<\/p>\n<p style=\"text-align: justify;\">Google Web Fonts<br \/>\nWerden nicht eingesetzt.<\/p>\n<p style=\"text-align: justify;\"><strong>Soziale Medien und Netzwerke<\/strong><\/p>\n<p style=\"text-align: justify;\">Wir setzen auf diesen Webseiten keine Plugins im Zusammenhang mit sozialen Medien oder Netzwerken, wie Facebook, Twitter, Google+, Instagram o.\u00e4., ein. Wir \u00fcbermitteln keine Daten an soziale Medien oder Netzwerke.<\/p>\n<p style=\"text-align: justify;\"><strong>Auskunftsrecht<\/strong><\/p>\n<p style=\"text-align: justify;\">Auf Anfrage teilen wir Ihnen gerne mit, ob und welche personenbezogenen Daten \u00fcber Sie bei uns gespeichert sind. Wenden Sie sich dazu bitte einfach an die unten genannte Stelle.<\/p>\n<p style=\"text-align: justify;\"><strong>\u00c4nderung und L\u00f6schung personenbezogener Daten<\/strong><\/p>\n<p style=\"text-align: justify;\">Wenn Sie Ihre personenbezogene Daten \u00e4ndern oder l\u00f6schen lassen wollen, wenden Sie sich bitte einfach an die unten genannte Stelle. Grunds\u00e4tzlich werden Ihre personenbezogenen Daten von uns gel\u00f6scht, sobald derjenige Zweck erreicht ist, aufgrund dessen wir urspr\u00fcnglich Ihre Daten gespeichert haben. Wir m\u00f6chten jedoch darauf hinweisen, dass wir unter Umst\u00e4nden aufgrund gesetzlicher Aufbewahrungs- und Buchf\u00fchrungspflichten Ihre Daten noch nicht l\u00f6schen d\u00fcrfen. In diesem Fall haben Sie jedoch einen Anspruch auf Sperrung der Daten.<\/p>\n<p style=\"text-align: justify;\"><strong>\u00c4nderung dieser Datenschutzerkl\u00e4rung<\/strong><\/p>\n<p style=\"text-align: justify;\">Die schnelle technologische Entwicklung des Internets und die \u00c4nderungen von Recht und Gesetz im Bereich des Datenschutzes machen es erforderlich, dass wir unserer Datenschutzerkl\u00e4rung von Zeit zu Zeit den neuen Anforderungen anpassen. Bitte beachten Sie daher die jeweils aktuelle Datenschutzerkl\u00e4rung.<\/p>\n<p style=\"text-align: justify;\"><strong>Auskunftsstelle des Botanischen Arbeitskreises Nordharz e.V.<br \/>\n<\/strong><\/p>\n<p style=\"text-align: justify;\">Wenn Sie Ihre Auskunftsrechte geltend machen wollen, Fragen zu dieser Datenschutzerkl\u00e4rung oder unserem Datenschutzverhalten im Web haben, wenden Sie sich bitte an die im Impressum stehende Adresse.<br \/>\nDiese Datenschutzerkl\u00e4rung kann jederzeit gespeichert und ausgedruckt werden.<\/p>\n<p style=\"text-align: justify;\"><strong>Rechtsgrundlagen Datenschutzgrundverordnung<\/strong><\/p>\n<p style=\"text-align: justify;\">Entsprechend den Vorgaben der ab dem 25. Mai 2018 geltenden Datenschutzgrundverordnung (DSGVO) informieren wir Sie, dass die Einwilligungen in den Versand der E-Mailadressen auf Grundlage der Art. 6 Abs. 1 lit. a, 7 DSGVO sowie \u00a7 7 Abs. 2 Nr. 3, bzw. Abs. 3 UWG erfolgt. Wir weisen Sie ferner darauf hin, dass Sie der k\u00fcnftigen Verarbeitung Ihrer personenbezogenen Daten entsprechend den gesetzlichen Vorgaben gem. Art. 21 DSGVO jederzeit widersprechen k\u00f6nnen.<\/p>\n<p style=\"text-align: justify;\"><em>Stand 02-2026<\/em><\/p>\n<hr \/>\n<p style=\"text-align: justify;\"><strong>Disclaimer<\/strong><br \/>\n<strong>Haftungsausschluss der Inhalte<\/strong><\/p>\n<p style=\"text-align: justify;\">Der Inhalt dieser Seiten wurde sorgf\u00e4ltig bearbeitet und \u00fcberpr\u00fcft. Der Botanische Arbeitskreis Nordharz e.V. \u00fcbernimmt jedoch keine Gew\u00e4hr f\u00fcr die Aktualit\u00e4t, Richtigkeit, Vollst\u00e4ndigkeit oder Qualit\u00e4t der bereitgestellten Informationen. Haftungsanspr\u00fcche gegen den Verein, die sich auf Sch\u00e4den materieller oder ideeller Art beziehen, welche durch die Nutzung oder Nichtnutzung der dargebotenen Informationen oder durch fehlerhafte und unvollst\u00e4ndige Informationen verursacht wurden, sind grunds\u00e4tzlich ausgeschlossen, sofern seitens des Betreibers kein nachweislich vors\u00e4tzliches oder grob fahrl\u00e4ssiges Verschulden vorliegt. Der Botanische Arbeitskreis Nordharz e.V. beh\u00e4lt sich ausdr\u00fccklich das Recht vor, Teile der Seite oder das gesamte Angebot ohne vorherige Ank\u00fcndigung zu ver\u00e4ndern, zu erg\u00e4nzen, zu l\u00f6schen oder die Ver\u00f6ffentlichung einzustellen.<\/p>\n<p style=\"text-align: justify;\">Als Dienstanbieter sind wir gem\u00e4\u00df \u00a7 7 Abs.1 DDG f\u00fcr eigene Inhalte auf diesen Seiten nach den allgemeinen Gesetzen verantwortlich. Nach \u00a7\u00a7 8 bis 10 DDG sind wir als Dienstanbieter jedoch nicht verpflichtet, \u00fcbermittelte oder gespeicherte fremde Informationen zu \u00fcberwachen oder nach Umst\u00e4nden zu forschen, die auf eine rechtswidrige T\u00e4tigkeit hinweisen.<\/p>\n<p style=\"text-align: justify;\">Verpflichtungen zur Entfernung oder Sperrung der Nutzung von Informationen nach den allgemeinen Gesetzen bleiben hiervon unber\u00fchrt. Eine diesbez\u00fcgliche Haftung ist jedoch erst ab dem Zeitpunkt der Kenntnis einer konkreten Rechtsverletzung m\u00f6glich. Bei Bekanntwerden von entsprechenden Rechtsverletzungen werden wir diese Inhalte umgehend entfernen.<\/p>\n<p style=\"text-align: justify;\"><strong>Datenschutz<\/strong><\/p>\n<p style=\"text-align: justify;\">Bei der Nutzung unserer Dienste werden Sie eventuell um die Angabe pers\u00f6nlicher Informationen gebeten. Die Beantwortung dieser Fragen ist freiwillig. Ihre pers\u00f6nlichen Daten werden entsprechend den deutschen Datenschutzbestimmungen gespeichert und verarbeitet. Beachten Sie dazu die voran stehende Datenschutzerkl\u00e4rung.<\/p>\n<p style=\"text-align: justify;\"><strong>Links<\/strong><\/p>\n<p style=\"text-align: justify;\">Sofern der Botanische Arbeitskreis Nordharz e.V. direkt oder indirekt auf fremde Internetseiten verweist (Links), haftet der Verein nur, wenn sie von den Inhalten genaue Kenntnis hat und es ihr technisch m\u00f6glich und zumutbar ist, die Nutzung im Fall rechtswidriger Inhalte zu verhindern. Der Botanische Arbeitskreis Nordharz e.V. erkl\u00e4rt hiermit ausdr\u00fccklich, dass zum Zeitpunkt der Linksetzung die verlinkten Seiten keine illegalen Inhalte enthalten haben. Der Verein hat keinerlei Einfluss auf die aktuelle und zuk\u00fcnftige Gestaltung der verlinkten Seiten und distanziert sich daher hiermit ausdr\u00fccklich von allen inhaltlichen \u00c4nderungen, die nach der Linksetzung auf den verlinkten Seiten vorgenommen werden.<\/p>\n<p style=\"text-align: justify;\">Die verlinkten Seiten wurden zum Zeitpunkt der Verlinkung auf m\u00f6gliche Rechtsverst\u00f6\u00dfe \u00fcberpr\u00fcft. Rechtswidrige Inhalte waren zum Zeitpunkt der Verlinkung nicht erkennbar. Eine permanente inhaltliche Kontrolle der verlinkten Seiten ist jedoch ohne konkrete Anhaltspunkte einer Rechtsverletzung nicht zumutbar. Bei Bekanntwerden von Rechtsverletzungen werden wir derartige Links umgehend entfernen.<\/p>\n<p style=\"text-align: justify;\"><strong>Urheberrecht<\/strong><\/p>\n<p style=\"text-align: justify;\">Der Botanische Arbeitskreis Nordharz e.V. ist bestrebt, in allen Publikationen geltende Urheberrechte zu beachten. Sollte es trotzdem zu einer Urheberrechtsverletzung kommen, wird der Botanische Arbeitskreis Nordharz e.V. das entsprechende Objekt nach Benachrichtigung aus ihrer Publikation entfernen bzw. mit dem entsprechenden Urheberrecht kenntlich machen. Alle innerhalb des Internetangebots genannten und gegebenenfalls durch Dritte gesch\u00fctzten Marken- und Warenzeichen unterliegen uneingeschr\u00e4nkt den Bestimmungen des jeweils g\u00fcltigen Kennzeichenrechts und den Besitzrechten der jeweiligen eingetragenen Eigent\u00fcmer. Allein aufgrund der blo\u00dfen Nennung ist nicht der Schluss zu ziehen, dass Markenzeichen nicht durch Rechte Dritter gesch\u00fctzt sind. Das Urheberecht f\u00fcr die eigenen Inhalte steht allein dem Botanischen Arbeitskreis Nordharz e.V. zu. Eine Vervielf\u00e4ltigung dort enthaltener Grafiken, Sounds oder Texte in anderen elektronischen oder gedruckten Publikationen ist ohne ausdr\u00fcckliche Zustimmung nicht gestattet.<\/p>\n<p style=\"text-align: justify;\">Die durch die Seitenbetreiber erstellten Inhalte und Werke auf diesen Seiten unterliegen dem deutschen Urheberrecht. Die Vervielf\u00e4ltigung, Bearbeitung, Verbreitung und jede Art der Verwertung au\u00dferhalb der Grenzen des Urheberrechtes bed\u00fcrfen der schriftlichen Zustimmung des jeweiligen Autors bzw. Erstellers. Downloads und Kopien dieser Seite sind nur f\u00fcr den privaten, nicht kommerziellen Gebrauch gestattet. Soweit die Inhalte auf dieser Seite nicht vom Betreiber erstellt wurden, werden die Urheberrechte Dritter beachtet. Insbesondere werden Inhalte Dritter als solche gekennzeichnet. Sollten Sie trotzdem auf eine Urheberrechtsverletzung aufmerksam werden, bitten wir um einen entsprechenden Hinweis. Bei Bekanntwerden von Rechtsverletzungen werden wir derartige Inhalte umgehend entfernen.<\/p>\n<p style=\"text-align: justify;\"><strong>Bildnachweise<\/strong><\/p>\n<p style=\"text-align: justify;\">Die auf der Homepage verwendeten Bilder sind Copyright des Botanischen Arbeitskreis Nordharz e.V..<\/p>\n<p style=\"text-align: justify;\"><strong>Rechtswirksamkeit<\/strong><\/p>\n<p style=\"text-align: justify;\">Dieser Haftungsausschluss ist als Teil des Internetangebots zu betrachten, von dem aus auf diese Seite verwiesen wurde. Sofern Teile oder einzelne Formulierungen dieses Textes der geltenden Rechtslage nicht, nicht mehr oder nicht vollst\u00e4ndig entsprechen sollten, bleiben die \u00fcbrigen Teile des Dokuments in ihrem Inhalt und ihrer G\u00fcltigkeit hiervon unber\u00fchrt.<\/p>\n<p style=\"text-align: justify;\">Copyright \u00a9 2022 Botanischer Arbeitskreis Nordharz e.V.<br \/>\nAlle Rechte vorbehalten. Dritten ist die Nutzung und Verwendung der Marken und Logos dieser Seite ohne schriftliche Genehmigung untersagt.<\/p>\n","protected":false},"excerpt":{"rendered":"<p>Kontakt f\u00fcr datenschutzrelevante Anfragen des Botanischen Arbeitskreis Nordharz e.V. Frau Doroth\u00e9e Wolf-Dolata Sylvestristra\u00dfe 4 D-38855 Wernigerode Deutschland Tel.: +49 3943-630555 Mail: kontakt@nordharzev.de Datenerfassung auf der Webseite Wer ist verantwortlich f\u00fcr die Datenerfassung auf dieser Website? Die Datenverarbeitung auf dieser Website &hellip; <a href=\"https:\/\/www.nordharzev.de\/?page_id=475\">Weiterlesen <span class=\"meta-nav\">&rarr;<\/span><\/a><\/p>\n","protected":false},"author":1,"featured_media":0,"parent":0,"menu_order":0,"comment_status":"closed","ping_status":"closed","template":"","meta":[],"_links":{"self":[{"href":"https:\/\/www.nordharzev.de\/index.php?rest_route=\/wp\/v2\/pages\/475"}],"collection":[{"href":"https:\/\/www.nordharzev.de\/index.php?rest_route=\/wp\/v2\/pages"}],"about":[{"href":"https:\/\/www.nordharzev.de\/index.php?rest_route=\/wp\/v2\/types\/page"}],"author":[{"embeddable":true,"href":"https:\/\/www.nordharzev.de\/index.php?rest_route=\/wp\/v2\/users\/1"}],"replies":[{"embeddable":true,"href":"https:\/\/www.nordharzev.de\/index.php?rest_route=%2Fwp%2Fv2%2Fcomments&post=475"}],"version-history":[{"count":16,"href":"https:\/\/www.nordharzev.de\/index.php?rest_route=\/wp\/v2\/pages\/475\/revisions"}],"predecessor-version":[{"id":1853,"href":"https:\/\/www.nordharzev.de\/index.php?rest_route=\/wp\/v2\/pages\/475\/revisions\/1853"}],"wp:attachment":[{"href":"https:\/\/www.nordharzev.de\/index.php?rest_route=%2Fwp%2Fv2%2Fmedia&parent=475"}],"curies":[{"name":"wp","href":"https:\/\/api.w.org\/{rel}","templated":true}]}}