{"id":522,"date":"2017-09-10T16:32:06","date_gmt":"2017-09-10T15:32:06","guid":{"rendered":"http:\/\/www.nordharzev.de\/?page_id=522"},"modified":"2022-03-05T16:16:14","modified_gmt":"2022-03-05T15:16:14","slug":"rote-liste-kartierung","status":"publish","type":"page","link":"https:\/\/www.nordharzev.de\/?page_id=522","title":{"rendered":"Rote Liste Kartierung"},"content":{"rendered":"<p>Aufruf zur Rote Liste-Kartierung<br \/>\nLiebe Mitstreiter im Botanischen Arbeitskreis Nordharz,<br \/>\nanl\u00e4sslich unserer Fr\u00fchjahrstagung in Dr\u00fcbeck hatte ich f\u00fcr die Herbsttagung eine Diskussion \u00fcber m\u00f6gliche neue Kartierungsvorhaben unseres Arbeitskreises angeregt. Bedingt dadurch, dass die Sachsen-Anhalt-Kartierung im Wesentlichen abgeschlossen ist, war f\u00fcr unseren Arbeitskreis keine konkrete Aufgabe mehr gegeben. Wir haben weiterhin auf Neuigkeiten und bemerkenswerte Wiederfunde geachtet und intern ausgewertet. Das Verbindende eines gemeinsamen Kartierungsvorhabens fehlte aber in den letzten Jahren. Gleiche \u00dcberlegungen zu neuen Aufgabenfeldern stellte zeitgleich auch der Botanische Verein Sachsen-Anhalt in Halle an, dem wir als korporatives Mitglied angeh\u00f6ren. Im Zusammenwirken mit dem Landesamt f\u00fcr Umweltschutz Sachsen-Anhalt erging k\u00fcrzlich der Aufruf zur <\/p>\n<p>Kartierung gef\u00e4hrdeter und bestimmungskritischer Arten (Aufruf zur Rote Liste-Kartierung)<\/p>\n<p>Diesem Aufruf wollen wir uns als Botanischer Arbeitskreis anschlie\u00dfen. Das Projekt soll im Zeitraum 2015-2019 laufen (ab dem Jahr 2015 wird der Status als \u201eaktuell\u201c gewertet) . Erkl\u00e4rtes Ziel ist die Neufassung der Roten Liste der Gef\u00e4\u00dfpflanzen (die aktuelle Version ist aus dem Jahre 2004) f\u00fcr das Land Sachsen-Anhalt. Das macht sich dringend erforderlich, da die Ver\u00e4nderungen in den Vegetationsverh\u00e4ltnissen unseres Kartierungsgebietes rasant ablaufen. Die Gef\u00e4hrdungseinsch\u00e4tzung auf der Grundlage aktueller Daten ist unerl\u00e4sslich. Verschiedene andere Bundesl\u00e4nder f\u00fchren derartige Erhebungen bereits durch.<\/p>\n<p>Die Koordination erfolgt \u00fcber die Kartierungszentrale:<br \/>\nLandesamt f\u00fcr Umweltschutz<br \/>\nHerr Dr. D. Frank<br \/>\nReideburger Stra\u00dfe 47<br \/>\n06116 Halle (Saale)<\/p>\n<p>Der Aufruf zur Mitarbeit ist komplett unter<br \/>\n<em>Verlinkung folgt<\/em><br \/>\nzu finden.<\/p>\n<p>Weitere Informationen sind im nachgestellten Dokument zu finden:<br \/>\n<a href=\"https:\/\/www.nordharzev.de\/wp-content\/uploads\/2015\/09\/Aufruf-zur-Rote-Liste.pdf\"rel=\"\">Aufruf zur Rote Liste<\/a><\/p>\n","protected":false},"excerpt":{"rendered":"<p>Aufruf zur Rote Liste-Kartierung Liebe Mitstreiter im Botanischen Arbeitskreis Nordharz, anl\u00e4sslich unserer Fr\u00fchjahrstagung in Dr\u00fcbeck hatte ich f\u00fcr die Herbsttagung eine Diskussion \u00fcber m\u00f6gliche neue Kartierungsvorhaben unseres Arbeitskreises angeregt. Bedingt dadurch, dass die Sachsen-Anhalt-Kartierung im Wesentlichen abgeschlossen ist, war f\u00fcr &hellip; <a href=\"https:\/\/www.nordharzev.de\/?page_id=522\">Weiterlesen <span class=\"meta-nav\">&rarr;<\/span><\/a><\/p>\n","protected":false},"author":1,"featured_media":0,"parent":0,"menu_order":0,"comment_status":"closed","ping_status":"closed","template":"","meta":[],"_links":{"self":[{"href":"https:\/\/www.nordharzev.de\/index.php?rest_route=\/wp\/v2\/pages\/522"}],"collection":[{"href":"https:\/\/www.nordharzev.de\/index.php?rest_route=\/wp\/v2\/pages"}],"about":[{"href":"https:\/\/www.nordharzev.de\/index.php?rest_route=\/wp\/v2\/types\/page"}],"author":[{"embeddable":true,"href":"https:\/\/www.nordharzev.de\/index.php?rest_route=\/wp\/v2\/users\/1"}],"replies":[{"embeddable":true,"href":"https:\/\/www.nordharzev.de\/index.php?rest_route=%2Fwp%2Fv2%2Fcomments&post=522"}],"version-history":[{"count":4,"href":"https:\/\/www.nordharzev.de\/index.php?rest_route=\/wp\/v2\/pages\/522\/revisions"}],"predecessor-version":[{"id":1157,"href":"https:\/\/www.nordharzev.de\/index.php?rest_route=\/wp\/v2\/pages\/522\/revisions\/1157"}],"wp:attachment":[{"href":"https:\/\/www.nordharzev.de\/index.php?rest_route=%2Fwp%2Fv2%2Fmedia&parent=522"}],"curies":[{"name":"wp","href":"https:\/\/api.w.org\/{rel}","templated":true}]}}